2*v = 3*b + b - 28. Determine y(b).
-4
Suppose -5*p + 431 - 126 = 0. Let i = 59 - p. Let a(j) = j**3 + j**2 - 2*j - 1. Give a(i).
-1
Let o(r) = 1 + 5*r - r**2 - 2 - 3. Let z be -13 + 3 + 9 - (-7)/1. What is o(z)?
-10
Let k(q) = 44 + q + 43 - 88. Calculate k(0).
-1
Let h(z) = -71*z - 4. Let p(o) = -31*o - 2. Let r(b) = 4*h(b) - 9*p(b). Determine r(8).
-38
Suppose -1 = q - i - 0, -3*q + 9 = 3*i. Let s(x) = 3*x + 4 + 0*x + 0*x. Let b(h) = 7*h + 9. Let l(u) = 4*b(u) - 9*s(u). Determine l(q).
1
Let m(w) = -4*w - 1. Suppose z = -5, 4*z - 3*z = 2*d + 19. Let u be (16/d)/(4/(-6)) + -4. Give m(u).
7
Let t(r) = r + 9. Suppose -9*w + 3 = -8*w. Suppose -4*z - 47 = -w*b - 2*b, -4*z - 41 = -3*b. Calculate t(z).
1
Let c(p) be the second derivative of 2*p**3/3 - 115*p**2/2 + 535*p. Determine c(28).
-3
Let r(z) be the first derivative of 5*z**2/2 - 6*z + 218. Give r(6).
24
Let g(d) be the third derivative of -2*d**5/5 - d**4/24 - d**3/6 + 137*d**2. Calculate g(-1).
-24
Let h(j) = -18*j**2 - j. Suppose 9*y - 61 = -52. Give h(y).
-19
Let c(p) = -3 + 0*p + 3*p - 2*p**2 + 2*p. Let i(g) be the second derivative of -g**3/3 + 17*g**2/2 + 7*g. Let x be i(7). Determine c(x).
-6
Let p(a) = 9*a**2 - 80*a - 7. Let g be p(9). Let k(z) = 20*z + 4. Determine k(g).
44
Let r = -16 - -17. Let w be 3 + -3 - (-2 + (4 - r)). Let s(d) = -17*d. Calculate s(w).
17
Suppose o - 5 = -1. Let z be (1 - o)/(1/(-6)). Let w(v) = 11*v - 2*v**2 + 2*v**2 - z*v - 6 - v**2. What is w(-6)?
0
Suppose 0 = -190*m + 187*m - 6. Let s(y) = y**3 + y**2 + 2. Calculate s(m).
-2
Let q = 122 + -120. Suppose -5*m = 3*s + 20, -q*m - s = 2*s + 8. Let y(w) = 4 + w**3 + 6*w + 6*w**2 + 3 - 3. Calculate y(m).
12
Let d(c) = -c**2 + 21*c + 0 + 13*c - 9 + 7. Let u be d(34). Let t(x) = x**2 + x. What is t(u)?
2
Let i = 1 - 1. Suppose 4 = -i*m - 4*m. Let v(y) = 2*y**2 + 872*y - 11*y**3 - 872*y - 1. Calculate v(m).
12
Let n(g) = 4*g**2 - 11*g + 13. Let f(x) = 1. Let l(z) = -5*z**2 + 12*z - 19. Let c(q) = 5*f(q) + l(q). Let k(a) = -3*c(a) - 4*n(a). Calculate k(7).
-3
Let p(u) = 13 + 4*u - 17*u**2 - 8 + 16*u**2 - 7. What is p(2)?
2
Let h = -6 + 8. Suppose -h*w - 20 = -q, q + w = -0*q + 8. Let t = q + -10. Let o(u) = -3*u**2 + 2*u + 1. Calculate o(t).
-7
Let b(g) = g**2 + 8*g - 12. Let h(k) be the third derivative of k**4/24 - 25*k**3/6 - 10*k**2. Let v be h(16). Give b(v).
-3
Let h = 10 + -6. Let q(c) = 5*c**3 + 9*c**2 + 10*c + 9. Let k(s) = -s**3 - s**2 - s - 1. Let p(z) = 6*k(z) + q(z). Calculate p(h).
3
Let a(p) = p**3 - 12*p**2 - 14*p + 12. Suppose -22 = -2*r + 4. Determine a(r).
-1
Suppose 27 = 2*q + 23. Let a(o) be the first derivative of -o - 3 - o**q + 1/3*o**3. What is a(3)?
2
Let h(b) = b - 7. Let f = 34 - 28. Let j be ((-6)/(-18))/((-1)/(-3))*f. What is h(j)?
-1
Let x(r) = 9*r**2 - 2 - 6 - 10*r**2 + 9*r + 0*r. Let h be x(8). Let k(a) = h*a**2 + 2 + a**2 - 1 + 4*a + 2. Give k(-4).
3
Let c(v) = -v + 1. Let a(g) = 2*g - 1. Let f(n) = -3*a(n) - 5*c(n). Let x(k) = 2*k**3 + 4*k**2 - 19*k + 12. Let j be x(2). Determine f(j).
-8
Suppose 3*a - 60 = -2*a. Let z(c) be the first derivative of c**4/4 - 13*c**3/3 + 6*c**2 + 6*c - 46. Give z(a).
6
Let t(v) = -3*v**2 + 13*v - 9. Let g = 69 + -65. Give t(g).
-5
Let i be (3/2)/((-6)/16). Let y(l) = -5*l**3 + 2 - 3*l**2 - 3*l**3 + 2*l + 4*l**3 + 3*l**3. Calculate y(i).
10
Suppose -j - 2*i = -4, 4 = -4*j - i + 3*i. Let z(n) be the third derivative of -n**4/24 + 7*n**3/6 + 2*n**2 + 5*n. Determine z(j).
7
Let s = -74 + 68. Let a(m) = m**3 - m + 1. Let p(x) = -7*x**3 + 4*x**2 + 11*x + 1. Let t be 3/(-9)*(4 - 1). Let o(k) = s*a(k) + t*p(k). Determine o(5).
-7
Let h(r) = -r**2 - 12*r + 16. Let s be h(-13). Let d(k) = 0*k - 1 + 0*k - 4*k - s*k. Give d(1).
-8
Let y(b) = -b**2 - 209*b - 27 - 209*b - 206*b + 815*b - 202*b. Calculate y(-9).
-9
Let w be 6/(-24) - 30/8. Let i(m) = 4*m**3 - 14 - m**3 - 32*m**2 + 13*m - 1. Let y(j) = -j**3 + 11*j**2 - 4*j + 5. Let d(z) = w*i(z) - 11*y(z). Give d(6).
-7
Let a(z) = 12*z. Let h be -7 + -2 - (-2 - 6). What is a(h)?
-12
Suppose -4*j = -2*j - u - 12, -4*j = -u - 22. Let q(p) = -p**2 + 5*p - 7. What is q(j)?
-7
Let o = 952 + -953. Let p(b) = 33*b**3 - b**2 + 2*b + 2. Give p(o).
-34
Let g(a) = 3*a**2 + a. Let c(h) = 8*h**2 + 19*h + 25. Let j(z) = c(z) - 3*g(z). Give j(18).
-11
Let b(r) = -2*r + 7. Suppose 2*a - 4*f + 209 = 7*a, -160 = -4*a + 4*f. Let s = a + -34. What is b(s)?
-7
Let c(p) = 7*p**2 + 2*p + 2. Let k(b) be the first derivative of b**3/3 + b**2/2 - 10. Let g(l) = -c(l) + 4*k(l). Give g(2).
-10
Let r(j) = -j + 15. Let a be r(13). Let y(k) = 6*k + 54*k**2 - 30*k**2 + 5 - 23*k**a. Give y(-7).
12
Suppose 6*w = 2*w. Suppose d + n = -w*d + 4, -3*n = -4*d + 16. Let m(f) = -f - 3. Calculate m(d).
-7
Let t(j) be the second derivative of -j**5/5 - 5*j**4/12 - 2*j**3/3 + 2*j**2 - 15*j. Let m(r) = r**3 - r**2 - r. Let g(d) = 3*m(d) + t(d). Calculate g(-7).
4
Let j(s) be the second derivative of -s**5/20 - s**4/3 - 2*s**3/3 - 3*s**2/2 - 8*s. Let u(b) = -4*b + 40. Let q be u(11). What is j(q)?
13
Let b(h) = 62 + 2*h**2 - 29 - 30 - 12*h. Calculate b(6).
3
Let w(u) = -34*u**2 - 40*u + 13. Let v(j) = -16*j**2 - 18*j + 6. Let s(f) = -9*v(f) + 4*w(f). What is s(1)?
8
Let z(a) = a**3 + 11*a**2 + 8*a. Let t be z(-10). Let q = t - 18. Let r(s) = -s**2 + s + 1. Calculate r(q).
-1
Let q(p) = -p + 8. Suppose 3*m - 13 = -5*h + 24, -m = -2*h + 17. Give q(h).
0
Let c(f) = -f**2 + 4*f - 2. Suppose 4*u = -w - 4, 2*u + 3*u - 5 = 0. Let g be (w/(-2))/(2/(-12)). Let o be (3/2)/((-12)/g). What is c(o)?
1
Let q(a) = 15*a - 486. Let v be q(32). Let f(n) = -n**3 - 6*n**2 - 5*n + 1. Determine f(v).
31
Let k(t) = -4*t**2 - t**3 - 42*t + 10*t**2 - 1 + 36*t. Calculate k(5).
-6
Let l(n) = -11*n - 9. Let x(v) = 6*v + 5. Suppose 4*h = -g - 12, 2*g = h + 2*h + 20. Let m(q) = h*l(q) - 7*x(q). Give m(1).
3
Let c(w) be the first derivative of w**2/2 + 2*w + 1. Suppose 35 = -8*z + 7*z. Let u be 49/z - 9/15. Determine c(u).
0
Let u be (-15)/2*2/(-3). Let r(m) = 3*m**2 - m**3 - 5 - 3*m**3 + 3*m**2 + u*m**3 - 2*m. Let j be (3 + -2 - -1) + -8. Give r(j).
7
Let a(x) = x**2 - 10*x + 10. Let s = -840 + 844. What is a(s)?
-14
Let s be 4/(-2) - 0 - (1 + -11). Let o(g) = g**3 - 8*g**2 + 2*g - 11. Give o(s).
5
Let t(g) = -g**3 + 3*g**2 + g + 3. Let r be 1*(1 + (-7)/(14/(-4))). Let c be t(r). Let u(y) = y**2 - 6*y - 2. Calculate u(c).
-2
Let f(z) be the third derivative of -z**5/60 + z**3/2 + 35*z**2. What is f(0)?
3
Let l(s) = 13*s. Suppose 2*n = -2*n - 4*v + 56, -2*n + 40 = -v. Let q = n - 17. Calculate l(q).
13
Let w(x) = 3*x + 2. Suppose v - 6*v - 20 = 0, 4*r + 16 = -3*v. Let z(a) = -a + 1. Let o(p) = r*w(p) - 2*z(p). Calculate o(6).
-10
Let y(f) = 4*f - 2. Suppose 22 = -p + 24. What is y(p)?
6
Suppose 3*r + 30 = -4*p, p - 2*r - 14 = -16. Let m(w) = 4*w + 4*w - 2*w - 5*w. What is m(p)?
-6
Let w(r) = 5*r - 3. Suppose 0 = g - 2. Let u be (-3)/5*(-20)/g. Let j = -4 + u. Determine w(j).
7
Let q be 84/4 - (3 + 0). Let t(b) = 4*b + 5*b - q*b + 11 + 10*b. Let i = -11 + 5. Calculate t(i).
5
Let o(i) be the second derivative of -i**3 + i**2/2 - 571*i. Determine o(-1).
7
Let c(f) = -5*f + 28. Let n(r) be the third derivative of r**4/24 - 7*r**3/6 - 11*r**2. Let q(a) = 2*c(a) + 9*n(a). What is q(0)?
-7
Suppose -4 + 1 = -x. Suppose -x*s = s. Let w(i) = 0*i**2 + s*i**2 - 1 + 4*i**2 - i**2 + i**3. Calculate w(-2).
3
Let l = 461 - 465. Let n(h) = -2*h - 9. Give n(l).
-1
Let m(n) = 4*n**2 - 7*n - 5*n**2 - 4*n + 12*n. Give m(-3).
-12
Let l(s) = 2*s - 8*s**2 - 26*s**2 + 36*s**2 - 7*s**3 + 1. What is l(-1)?
8
Let c(y) = -3*y + 10. Let r(p) = -8*p + 30. Let f(o) = -o**2 - 5*o + 13. Let h be f(-8). Let g(i) = h*c(i) + 4*r(i). Let z = 24 + -24. What is g(z)?
10
Let h(o) = -o**2 - o + 6. Let p(v) = -8*v - 32. Let c(u) = -h(u) - p(u). Give c(-7).
12
Let z(q) = -q**3 - q**2 + 2*q + 1. Let n(h) = -7*h**3 - 18*h**2 + 2*h + 20. Let a(x) = -n(x) + 6*z(x). Determine a(-11).
-3
Let g be -9*12/90*1*-5. Suppose -16 - 12 = -4*c. Let l(x) = -x - c - 4*x + 4*x. Give l(g).
-13
Suppose 2*k + 1 = -3*k - 3*m, 2*k = 4*m + 10. Let z(x) = -3*x + 3. Determine z(k).
0
Let a(j) = -7*j - 5. Let u(i) = -4*i - 3. Let n(o) = -3*a(o) + 5*u(o). Let q(z) = -3*z + 1. Let m(y) = 4*n(y) + q(y). Calculate m(0).
1
Let c = -13/71 + 851/4260. Let y(l